{"id":938,"date":"2023-08-23T18:18:27","date_gmt":"2023-08-23T18:18:27","guid":{"rendered":"https:\/\/romcatsibiu.ro\/?page_id=938"},"modified":"2023-08-23T18:20:40","modified_gmt":"2023-08-23T18:20:40","slug":"politica-de-utilizare-cookies","status":"publish","type":"page","link":"https:\/\/romcatsibiu.ro\/index.php\/politica-de-utilizare-cookies\/","title":{"rendered":"Politica de utilizare Cookies"},"content":{"rendered":"<div id=\"pl-938\"  class=\"panel-layout\" ><div id=\"pg-938-0\"  class=\"panel-grid panel-has-style\" ><div class=\"panel-row-style panel-row-style-for-938-0\" ><div id=\"pgc-938-0-0\"  class=\"panel-grid-cell panel-grid-cell-empty\" ><\/div><div id=\"pgc-938-0-1\"  class=\"panel-grid-cell panel-grid-cell-mobile-last\" ><div id=\"panel-938-0-1-0\" class=\"so-panel widget widget_sow-editor panel-first-child panel-last-child\" data-index=\"0\" ><div class=\"panel-widget-style panel-widget-style-for-938-0-1-0\" ><div\n\t\t\t\n\t\t\tclass=\"so-widget-sow-editor so-widget-sow-editor-base\"\n\t\t\t\n\t\t>\n<div class=\"siteorigin-widget-tinymce textwidget\">\n\t<h2>Politica de utilizare ,,Cookie\"-uri<\/h2>\n<p>Informa\u021biile prezentate \u00een continuare au scopul de a aduce la cuno\u0219tin\u021b\u0103 utilizatorului mai multe detalii despre plasarea, utilizarea \u0219i administrarea \u201ccookie\u201d-urilor utilizate de site-ul <a href=\"https:\/\/romcatsibiu.ro\">romcatsibiu.ro<\/a>. De asemenea, sunt prezente \u0219i c\u00e2teva linkuri utile legate de aceast\u0103 tema.<br \/>\nPagin\u0103 de web <a href=\"https:\/\/romcatsibiu.ro\">www.romcatsibiu.ro<\/a> folose\u0219te cookie-uri proprii \u0219i de la ter\u021bi pentru a furniza vizitatorilor o experien\u021b\u0103 mult mai bun\u0103 de navigare \u0219i servicii adaptate nevoilor \u0219i interesului fiec\u0103ruia.<\/p>\n<p><strong>1. Ce este un \u201ccookie\u201d?<\/strong><br \/>\nUn \u201cInternet Cookie\u201d (termen cunoscut \u0219i c\u0103 \u201cbrowser cookie\u201d sau \u201cHTTP cookie\u201d sau pur \u0219i simplu\u201dcookie\u201d) este un fi\u0219ier de mici dimensiuni, format din litere \u0219i numere, care va fi stocat pe computerul, terminalul mobil sau alte echipamente ale unui utilizator de pe care se acceseaz\u0103 Internetul.<br \/>\nUn cookie este format din 2 p\u0103r\u021bi: numele \u0219i con\u021binutul sau valoarea cookie-ului. Mai mult, durata de existen\u021ba a unui cookie este determinat\u0103; tehnic, doar webserverul care a trimis cookie-ul \u00eel poate accesa din nou \u00een momentul \u00een care un utilizator se \u00eentoarce pe website-ul asociat webserverului respectiv.<br \/>\nCookie-ul este instalat prin solicitarea emis\u0103 de c\u0103tre un web-server unui browser (ex: Internet Explorer, Chrome) \u0219i este complet \u201cpasiv\u201d (nu con\u021bine programe software, viru\u0219i sau spyware \u0219i nu poate accesa informa\u021biile de pe hard driveul utilizatorului).<br \/>\nCookie-urile \u00een sine nu solicit\u0103 informa\u021bii cu caracter personal pentru a putea fi utilizate \u0219i, \u00een cele mai multe cazuri, nu identifica personal utilizatorii de internet.<\/p>\n<p><strong>2. Care sunt avantajele cookie-urilor?<\/strong><br \/>\nUn cookie con\u021bine informa\u021bii care fac leg\u0103tur\u0103 \u00eentre un web-browser (utilizatorul) \u0219i un web-server anume (website-ul). Dac\u0103 un browser acceseaz\u0103 acel web-server din nou, acesta poate citi informa\u021bia deja stocat\u0103 \u0219i reac\u021biona \u00een consecin\u021b\u0103.<br \/>\nCookie-urile joac\u0103 un rol important \u00een facilitarea accesului \u0219i livr\u0103rii multiplelor servicii de care utilizatorul se bucur\u0103 pe internet, cum ar fi:<br \/>\n\u2022 Personalizarea unor set\u0103ri precum: limba \u00een care este vizualizat con\u021binutul site-ului, p\u0103strarea op\u021biunilor pentru diverse produse (m\u0103suri, alte detalii etc) \u00een co\u0219ul de cump\u0103r\u0103turi (\u0219i memorarea acestor op\u021biuni) \u2013 gener\u00e2ndu-se astfel flexibilitatea \u201cco\u0219ului de cump\u0103r\u0103turi\u201d (accesarea preferin\u021belor vechi prin accesarea butonului \u201c\u00eenainte\u201d \u0219i \u201c\u00eenapoi\u201d);<br \/>\n\u2022 Permit aplica\u021biilor multimedia sau de alt tip de pe alte site-uri s\u0103 fie incluse \u00eentr-un anumit site pentru a crea o experien\u021b\u0103 de navigare mai valoroas\u0103, mai util\u0103 \u0219i mai pl\u0103cut\u0103;<br \/>\n\u2022 Cookie-urile ofer\u0103 de\u021b\u00een\u0103torilor de site-uri informa\u021bii valoroase asupra modului cum sunt utilizate site-urile lor de c\u0103tre utilizatori, astfel \u00eenc\u00e2t s\u0103 le poat\u0103 face \u0219i mai eficiente \u0219i mai accesibile pentru utilizatori;<\/p>\n<p><strong>3. Ce tip de informa\u021bii sunt stocate \u0219i accesate prin intermediul cookie-urilor?<\/strong><br \/>\nCookie-ul stocheaz\u0103 informa\u021bii importante care \u00eembun\u0103t\u0103\u021besc experien\u021b\u0103 de navigare pe Internet (ex: set\u0103rile limbii \u00een care se dore\u0219te accesarea unui site; p\u0103strarea unui user logat \u00een contul de webmail; securitatea online banking; p\u0103strarea produselor \u00een co\u0219ul de cump\u0103r\u0103turi).<\/p>\n<p><strong>4. De ce sunt cookie-urile importante pentru Internet?<\/strong><br \/>\nCookie-urile reprezint\u0103 punctul central al func\u021bionarii eficiente a Internetului, ajut\u00e2nd la generarea unei experien\u021be de navigare prietenoase \u0219i adaptat\u0103 preferin\u021belor \u0219i intereselor fiec\u0103rui utilizator. Refuzarea sau dezactivarea cookieurilor poate face unele site-uri imposibil de folosit.<br \/>\nRefuzarea sau dezactivarea cookie-urilor nu \u00eenseamn\u0103 c\u0103 nu ve\u021bi mai primi publicitate online \u2013 ci doar c\u0103 aceast\u0103 nu va mai putea \u021bine cont de preferin\u021bele \u0219i interesele dvs, eviden\u021biate prin comportamentul de navigare.<\/p>\n<p><strong>5. Ce Cookie-uri folosim?<\/strong><br \/>\nFolosim dou\u0103 tipuri de cookie-uri: per sesiune \u0219i fixe.<br \/>\n\u2022 Cookie-urile numite \u201ctemporare\u201d permit site-urilor s\u0103 lege ac\u021biunile tale \u00een timpul unei sesiuni de navigare pe site. Aceste cookie-uri numite \u201ctemporare\u201d dispar la sf\u00e2r\u0219itul sesiunii de navigare, astfel c\u0103 nu sunt stocate pentru o perioada mai lung\u0103 de timp.<br \/>\n\u2022 Cookie-urile numite \u201cpermanente\u201d sunt stocate pe computer \u00eentre sesiunile de navigare \u0219i ajut\u0103 la men\u021binerea eviden\u021bei preferin\u021belor sau a ac\u021biunilor tale pe un site (sau, \u00een unele cazuri, pe diverse site-uri). Aceste cookie-uri \u201cpermanente\u201d pot fi utilizate \u00een diverse scopuri, mai ales pentru a p\u0103stra preferin\u021bele \u0219i alegerile tale atunci c\u00e2nd vizitezi un site.<br \/>\nDe asemenea, cookie-urile pot fi clasificate \u00een urm\u0103toarele categorii: \u201ccookie-uri de internet\u201d \u2013 care provin din site-ul pe care \u00eel vizitezi \u2013 \u0219i \u201ccookie-uri ter\u021b\u0103 parte\u201d \u2013 care provin dintr-un site separat de cel pe care \u00eel vizitezi.<\/p>\n<p><strong>6. Cum sunt folosite cookie-urile de c\u0103tre acest site?<\/strong><br \/>\nO vizit\u0103 pe acest site poate plasa urm\u0103toarele cookie-uri:<br \/>\n\u2022 Cookie-uri de performan\u021b\u0103 a site-ului;<br \/>\n\u2022 Cookie-uri de analiz\u0103 a vizitatorilor;<br \/>\n\u2022 Cookie-uri pentru geotargetting;<br \/>\n\u2022 Cookie-uri de \u00eenregistrare;<br \/>\n\u2022 Cookie-uri pentru publicitate;<br \/>\n\u2022 Cookie-uri ale furnizorilor de publicitate.<\/p>\n<p><strong>7. Con\u021bin Cookie-urile date personale?<\/strong><br \/>\nCookie-urile \u00een sine nu solicit\u0103 informa\u021bii cu caracter personal pentru a putea fi utilizate \u0219i, \u00een cele mai multe cazuri, nu identifica personal utilizatorii de internet. Datele personale colectate prin utilizarea cookie-urilor pot fi colectate doar pentru a facilita anumite func\u021bionalit\u0103\u021bi pentru utilizator. Atare date sunt criptate \u00eentr-un mod care face imposibil accesul persoanelor neautorizate la ele.<\/p>\n<p><strong>8. Sfaturi pentru o navigare sigur\u0103 \u0219i responsabil\u0103, bazat\u0103 pe cookies.<\/strong><br \/>\nCookie-urile sunt pretutindeni \u0219i nu pot fi evitate dac\u0103 dori\u021bi s\u0103 va bucura\u021bi de acces pe cele mai bune \u0219i cele mai mari site-uri de pe Internet \u2013 locale sau interna\u021bionale. Datorit\u0103 flexibilit\u0103\u021bii lor \u0219i a faptului c\u0103 majoritatea dintre cele mai vizitate site-uri \u0219i cele mai mari folosesc cookie-uri, acestea sunt aproape inevitabile. Dezactivarea cookie-urilor nu va permite accesul utilizatorului pe site-urile cele mai r\u0103sp\u00e2ndite \u0219i utilizate printre care Youtube, Gmail, Yahoo \u0219i altele.<br \/>\nIat\u0103 c\u00e2teva sfaturi care va pot asigura s\u0103 naviga\u021bi f\u0103r\u0103 griji \u00eens\u0103 cu ajutorul cookie-urilor:<br \/>\nParticularizati-va set\u0103rile browserului \u00een ceea ce prive\u0219te cookie-urile pentru a reflect\u0103 un nivel confortabil pentru voi al securit\u0103\u021bii utiliz\u0103rii cookie-urilor.<br \/>\nDac\u0103 \u00eemp\u0103r\u021bi\u021bi accesul la calculator, pute\u021bi lua \u00een considerare setarea browserului pentru a \u0219terge datele individuale de navigare de fiecare dat\u0103 c\u00e2nd \u00eenchide\u021bi browserul. Aceast\u0103 este o varianta de a accesa site-urile care plaseaz\u0103 cookieuri \u0219i de a \u0219terge orice informa\u021bie de vizitare la \u00eenchiderea sesiunii navigare.<br \/>\nDac\u0103 nu va deranjeaz\u0103 cookie-urile \u0219i sunte\u021bi singur\u0103 persoan\u0103 care utilizeaz\u0103 computerul, pute\u021bi seta termene lungi de expirare pentru stocarea istoricului de navigare \u0219i al datelor personale de acces.<br \/>\nInstala\u021bi-va \u0219i updatati-va constant aplica\u021bii antispyware.<br \/>\nMulte dintre aplica\u021biile de detectare \u0219i prevenire a spyware-ului includ detectarea atacurilor pe site-uri. Astfel, \u00eempiedic\u0103 browserul de la a accesa website-uri care ar putea s\u0103 exploateze vulnerabilit\u0103\u021bile browserului sau s\u0103 descarce software periculos.<br \/>\nAsigura\u021bi-va c\u0103 ave\u021bi browserul mereu updatat. Multe dintre atacurile bazate pe cookies se realizeaz\u0103 exploat\u00e2nd punctele slabe ale versiunilor vechi ale browserelor.<br \/>\nEste posibil\u0103 setarea din browser pentru c\u0103 aceste cookie-uri s\u0103 nu mai fie acceptate sau po\u021bi seta browserul s\u0103 accepte cookie-uri de la un site anume. Dar, de exemplu, dac\u0103 nu e\u0219ti inregistat folosind cookie-urile, nu vei putea las\u0103 comentarii.<br \/>\nToate browserele moderne ofer\u0103 posibilitatea de a schimb\u0103 set\u0103rile cookie-urilor. Aceste set\u0103ri se g\u0103sesc de regul\u0103 \u00een \u201cop\u021biuni\u201d sau \u00een meniul de \u201cpreferin\u021be\u201d al browserului t\u0103u.<br \/>\nPo\u021bi controla cookie-urile prin set\u0103rile browser-ului dispozitivului pe care \u00eel folose\u0219ti pentru accesarea site-ului. De\u0219i cele mai multe browsere sunt setate implicit s\u0103 accepte instalarea de cookie-uri, po\u021bi s\u0103 alegi, dac\u0103 dore\u0219ti, s\u0103 accep\u021bi toate cookie-urile, s\u0103 le respingi sistematic ori s\u0103 le selectezi doar pe cele pe care le accep\u021bi \u00een func\u021bie de emitent. De asemenea, po\u021bi seta browserul s\u0103 accepte sau s\u0103 resping\u0103, de la caz la caz, cookie-urile \u00eenainte de instalarea lor. De asemenea, po\u021bi \u0219terge periodic cookie-urile de pe dispozitiv prin intermediul browser-ului.<br \/>\nUtilizarea cookie-urilor sau a tehnologiilor similare de c\u0103tre site-urile ter\u021b\u0103 parte \u2013 ale furnizorilor de con\u021binut de publicitate \u2013 este supus\u0103 propriilor politici de confiden\u021bialitate privind cookie-urile.<br \/>\nPentru a gestiona cookie-urile \u0219i pentru a face alegerile personale, trebuie s\u0103 \u0219tii c\u0103 pentru fiecare browser \u00een parte configurarea este diferit\u0103. Acesta este descris\u0103 \u00een meniul browser-ului, ceea ce \u00ee\u021bi va permite s\u0103 afli cum s\u0103 schimbi preferin\u021bele cu privire la cookie-uri.<br \/>\nPentru a \u00een\u021belege aceste set\u0103ri, urm\u0103toarele linkuri pot fi folositoare, altfel pute\u021bi folosi op\u021biunea \u201cajutor\u201d a browserului pentru mai multe detalii:<br \/>\nCookie settings \u00een Microsoft Edge<br \/>\nCookie settings \u00een Firefox<br \/>\nCookie settings \u00een Chrome<br \/>\nCookie settings \u00een Safari<br \/>\nPentru set\u0103rile cookie-urilor generate de ter\u021bi, pute\u021bi consulta \u0219i site-ul:<br \/>\n<a href=\"http:\/\/www.youronlinechoices.com\">www.youronlinechoices.com<\/a><\/p>\n<p><strong>9. Securitate \u0219i probleme legate de confiden\u021bialitate<\/strong><br \/>\nCookie-urile nu sunt viru\u0219i. Nu sunt alc\u0103tuite din buc\u0103\u021bi de cod a\u0219a c\u0103 nu pot fi executate nici nu pot auto-rula. \u00cen consecin\u021b\u0103, nu se pot duplic\u0103 sau replic\u0103 pe alte re\u021bele pentru a se rula sau replic\u0103 din nou. Deoarece nu pot \u00eendeplini aceste func\u021bii, nu pot fi considerate viru\u0219i.<br \/>\n\u00cen general browserele au integrate set\u0103ri de confiden\u021bialitate care furnizeaz\u0103 diferite nivele de acceptare a cookieurilor, perioada de valabilitate \u0219i \u0219tergere automat\u0103 dup\u0103 ce utilizatorul a vizitat un anumit site.<br \/>\nCookie-urile pot fi totu\u0219i folosite pentru scopuri negative. Deoarece stocheaz\u0103 informa\u021bii despre preferin\u021bele \u0219i istoricul de navigare al utilizatorilor, at\u00e2t pe un anume site c\u00e2t \u0219i pe mai multe alte siteuri, cookieurile pot fi folosite c\u0103 o form\u0103 de Spyware. Multe produse anti-spyware sunt con\u0219tiente de acest fapt \u0219i \u00een mod constant marcheaz\u0103 cookie-urile pentru a fi \u0219terse \u00een cadrul procedurilor de \u0219tergere\/scanare anti-virus\/anti-spyware.<br \/>\nAlte aspecte de securitate legate de cookie-uri:<br \/>\nDeoarece protec\u021bia identit\u0103\u021bii este foarte valoroas\u0103 \u0219i reprezint\u0103 dreptul fiec\u0103rui utilizator de internet, este indicat s\u0103 se \u0219tie ce eventuale probleme pot crea cookie-urile. Pentru c\u0103 prin intermediul lor se transmit \u00een mod constant \u00een ambele sensuri informa\u021bii \u00eentre browser \u0219i website, dac\u0103 un atacator sau persoan\u0103 neautorizat\u0103 intervine \u00een parcursul de transmitere a datelor, informa\u021biile con\u021binute de cookie pot fi interceptate.<br \/>\nDe\u0219i foarte rar, acest lucru se poate \u00eent\u00e2mpl\u0103 dac\u0103 browserul se conecteaz\u0103 la server folosind o re\u021bea necriptata (ex: o re\u021bea WiFi nesecurizata).<br \/>\nAlte atacuri bazate pe cookie implic\u0103 set\u0103ri gre\u0219ite ale cookie-urilor pe servere. Dac\u0103 un website nu solicit\u0103 browserului s\u0103 foloseasc\u0103 doar canale criptate, atacatorii pot folosi aceast\u0103 vulnerabilitate pentru a p\u0103c\u0103li browserele \u00een a trimite informa\u021bii prin intermediul canalelor nesecurizate. Atacatorii utilizeaz\u0103 apoi informa\u021biile \u00een scopuri de a accesa neautorizat anumite site-uri. Este foarte important s\u0103 fi\u021bi aten\u021bi \u00een alegerea metodei celei mai potrivite de protec\u021bie a informa\u021biilor personale.<\/p>\n<p><strong>10. Linkuri utile<\/strong><br \/>\nDac\u0103 dori\u021bi s\u0103 afla\u021bi mai multe informa\u021bii despre cookie-uri \u0219i la ce sunt utilizate, recomand\u0103m urm\u0103toarele linkuri:<br \/>\n<a href=\"https:\/\/support.microsoft.com\/en-gb\/topic\/description-of-cookies-ad01aa7e-66c9-8ab2-7898-6652c100999d\">Microsoft Cookies guide<\/a><br \/>\n<a href=\"https:\/\/allaboutcookies.org\/\">All About Cookies<\/a><br \/>\nPentru mai multe detalii legate de probleme de confiden\u021bialitate, pute\u021bi accesa \u0219i: <a href=\"https:\/\/www.dreptonline.ro\/\">www.dreptonline.ro<\/a><\/p>\n<\/div>\n<\/div><\/div><\/div><\/div><div id=\"pgc-938-0-2\"  class=\"panel-grid-cell panel-grid-cell-empty\" ><\/div><\/div><\/div><\/div>","protected":false},"excerpt":{"rendered":"<p>Politica de utilizare ,,Cookie&#8221;-uri Informa\u021biile prezentate \u00een continuare au scopul de a aduce la cuno\u0219tin\u021b\u0103 utilizatorului mai multe detalii despre plasarea, utilizarea \u0219i administrarea \u201ccookie\u201d-urilor utilizate de site-ul romcatsibiu.ro. De asemenea, sunt prezente \u0219i c\u00e2teva linkuri utile legate de aceast\u0103 tema. Pagin\u0103 de web www.romcatsibiu.ro folose\u0219te cookie-uri proprii \u0219i de la ter\u021bi pentru a furniza [&hellip;]<\/p>\n","protected":false},"author":1,"featured_media":0,"parent":0,"menu_order":0,"comment_status":"closed","ping_status":"closed","template":"","meta":{"om_disable_all_campaigns":false,"_monsterinsights_skip_tracking":false,"_monsterinsights_sitenote_active":false,"_monsterinsights_sitenote_note":"","_monsterinsights_sitenote_category":0,"footnotes":""},"class_list":["post-938","page","type-page","status-publish","hentry","post"],"aioseo_notices":[],"_links":{"self":[{"href":"https:\/\/romcatsibiu.ro\/index.php\/wp-json\/wp\/v2\/pages\/938","targetHints":{"allow":["GET"]}}],"collection":[{"href":"https:\/\/romcatsibiu.ro\/index.php\/wp-json\/wp\/v2\/pages"}],"about":[{"href":"https:\/\/romcatsibiu.ro\/index.php\/wp-json\/wp\/v2\/types\/page"}],"author":[{"embeddable":true,"href":"https:\/\/romcatsibiu.ro\/index.php\/wp-json\/wp\/v2\/users\/1"}],"replies":[{"embeddable":true,"href":"https:\/\/romcatsibiu.ro\/index.php\/wp-json\/wp\/v2\/comments?post=938"}],"version-history":[{"count":3,"href":"https:\/\/romcatsibiu.ro\/index.php\/wp-json\/wp\/v2\/pages\/938\/revisions"}],"predecessor-version":[{"id":942,"href":"https:\/\/romcatsibiu.ro\/index.php\/wp-json\/wp\/v2\/pages\/938\/revisions\/942"}],"wp:attachment":[{"href":"https:\/\/romcatsibiu.ro\/index.php\/wp-json\/wp\/v2\/media?parent=938"}],"curies":[{"name":"wp","href":"https:\/\/api.w.org\/{rel}","templated":true}]}}