{"id":1256,"date":"2023-09-22T12:42:50","date_gmt":"2023-09-22T12:42:50","guid":{"rendered":"https:\/\/romcatsibiu.ro\/?page_id=1256"},"modified":"2023-09-22T13:26:13","modified_gmt":"2023-09-22T13:26:13","slug":"1256-2","status":"publish","type":"page","link":"https:\/\/romcatsibiu.ro\/index.php\/de\/1256-2\/","title":{"rendered":"Cookie-Richtlinie"},"content":{"rendered":"<div id=\"pl-1256\"  class=\"panel-layout\" ><div id=\"pg-1256-0\"  class=\"panel-grid panel-has-style\" ><div class=\"panel-row-style panel-row-style-for-1256-0\" ><div id=\"pgc-1256-0-0\"  class=\"panel-grid-cell panel-grid-cell-empty\" ><\/div><div id=\"pgc-1256-0-1\"  class=\"panel-grid-cell panel-grid-cell-mobile-last\" ><div id=\"panel-1256-0-1-0\" class=\"so-panel widget widget_sow-editor panel-first-child panel-last-child\" data-index=\"0\" ><div class=\"panel-widget-style panel-widget-style-for-1256-0-1-0\" ><div\n\t\t\t\n\t\t\tclass=\"so-widget-sow-editor so-widget-sow-editor-base\"\n\t\t\t\n\t\t>\n<div class=\"siteorigin-widget-tinymce textwidget\">\n\t<h3 id=\"tw-target-text\" class=\"tw-data-text tw-text-large tw-ta\" dir=\"ltr\" data-placeholder=\"Traducere\"><strong><span class=\"Y2IQFc\" lang=\"de\">Cookie-Richtlinie<\/span><\/strong><\/h3>\n<p>Obwohl wir alle angemessenen Ma\u00dfnahmen ergreifen, um die Sicherheit Ihrer Daten zu gew\u00e4hrleisten, k\u00f6nnen wir nicht garantieren, dass keine Sicherheitsverletzung vorliegt oder dass kein Eindringen in Sicherheitssysteme m\u00f6glich ist. F\u00fcr den ungl\u00fccklichen und unwahrscheinlichen Fall, dass es zu einem solchen Versto\u00df kommt, werden wir gesetzliche Verfahren befolgen, um die Auswirkungen zu begrenzen und die betroffenen Personen innerhalb von maximal 48 Stunden nach dem Vorfall zu informieren, wenn ein m\u00f6glicher Versto\u00df ihnen Schaden zuf\u00fcgen k\u00f6nnte.<\/p>\n<p>Schlussbestimmungen: Durch die \u00c4u\u00dferung Ihres freien, informierten und unmissverst\u00e4ndlichen Willens, durch eine Erkl\u00e4rung oder durch eine unmissverst\u00e4ndliche Handlung zur Bereitstellung Ihrer personenbezogenen Daten erteilen Sie uns Ihre Einwilligung zur Verarbeitung Ihrer personenbezogenen Daten wie oben beschrieben. Hinsichtlich der Verarbeitung personenbezogener Daten von Kindern m\u00fcssen diese mindestens 16 Jahre alt sein, um ihre Einwilligung zu erteilen, bei Kindern unter 16 Jahren ist die Zustimmung des Tr\u00e4gers der elterlichen Verantwortung erforderlich.<br \/>\nSie sind nicht verpflichtet, uns Ihre in diesem Dokument genannten personenbezogenen Daten zur Verf\u00fcgung zu stellen. Wenn Sie uns die genannten Daten jedoch nicht oder unrichtig zur Verf\u00fcgung stellen, ist eine Beantwortung Ihrer Nachrichten f\u00fcr uns nicht m\u00f6glich.<\/p>\n<p id=\"tw-target-text\" class=\"tw-data-text tw-text-large tw-ta\" dir=\"ltr\" data-placeholder=\"Traducere\"><strong><span class=\"Y2IQFc\" lang=\"de\">2. Welche Vorteile haben Cookies? <\/span><\/strong><\/p>\n<p class=\"tw-data-text tw-text-large tw-ta\" dir=\"ltr\" data-placeholder=\"Traducere\"><span class=\"Y2IQFc\" lang=\"de\">Ein Cookie enth\u00e4lt Informationen, die einen Webbrowser (den Benutzer) und einen bestimmten Webserver (die Website) verbinden. Greift ein Browser erneut auf diesen Webserver zu, kann er die bereits gespeicherten Informationen auslesen und entsprechend reagieren. Cookies spielen eine wichtige Rolle bei der Erleichterung des Zugriffs und der Bereitstellung der zahlreichen Dienste, die der Benutzer im Internet nutzt, wie zum Beispiel: \u2022 Anpassen einiger Einstellungen wie: der Sprache, in der der Website-Inhalt angezeigt wird, Beibehalten der Optionen f\u00fcr verschiedene Produkte (Ma\u00dfe, andere Details usw.) im Warenkorb (und Speichern dieser Optionen) \u2013 wodurch die Flexibilit\u00e4t des \u201e \u201eWarenkorb\u201c (Zugriff auf alte Einstellungen durch Klicken auf die Schaltfl\u00e4chen \u201eVorw\u00e4rts\u201c und \u201eZur\u00fcck\u201c); \u2022 Erm\u00f6glichen Sie die Einbindung von Multimedia- oder anderen Anwendungen von anderen Websites in eine bestimmte Website, um ein wertvolleres, n\u00fctzlicheres und angenehmeres Surferlebnis zu schaffen. \u2022 Cookies liefern Websitebesitzern wertvolle Informationen dar\u00fcber, wie ihre Websites von Benutzern genutzt werden, sodass sie diese noch effizienter und f\u00fcr Benutzer zug\u00e4nglicher machen k\u00f6nnen.<\/span><\/p>\n<p id=\"tw-target-text\" class=\"tw-data-text tw-text-large tw-ta\" dir=\"ltr\" data-placeholder=\"Traducere\"><strong><span class=\"Y2IQFc\" lang=\"de\">3. Welche Art von Informationen werden \u00fcber Cookies gespeichert und abgerufen? <\/span><\/strong><\/p>\n<p class=\"tw-data-text tw-text-large tw-ta\" dir=\"ltr\" data-placeholder=\"Traducere\"><span class=\"Y2IQFc\" lang=\"de\">Das Cookie speichert wichtige Informationen, die das Surferlebnis im Internet verbessern (z. B.: Spracheinstellungen, mit denen auf eine Website zugegriffen wird; Angemeldet bleiben eines Benutzers im Webmail-Konto; Online-Banking-Sicherheit; Produkte im Warenkorb behalten). 4. Warum sind Cookies f\u00fcr das Internet wichtig? Cookies sind f\u00fcr das effiziente Funktionieren des Internets von zentraler Bedeutung und tragen dazu bei, ein benutzerfreundliches Surferlebnis zu schaffen, das an die Vorlieben und Interessen jedes Benutzers angepasst ist. Das Ablehnen oder Deaktivieren von Cookies kann dazu f\u00fchren, dass einige Websites nicht mehr nutzbar sind. Die Ablehnung oder Deaktivierung von Cookies bedeutet nicht, dass Sie keine Online-Werbung mehr erhalten \u2013 nur, dass Ihre Pr\u00e4ferenzen und Interessen, die sich aus Ihrem Surfverhalten ergeben, nicht mehr ber\u00fccksichtigt werden k\u00f6nnen.<\/span><\/p>\n<p id=\"tw-target-text\" class=\"tw-data-text tw-text-large tw-ta\" dir=\"ltr\" data-placeholder=\"Traducere\"><strong><span class=\"Y2IQFc\" lang=\"de\">5. Welche Cookies verwenden wir? <\/span><\/strong><\/p>\n<p class=\"tw-data-text tw-text-large tw-ta\" dir=\"ltr\" data-placeholder=\"Traducere\"><span class=\"Y2IQFc\" lang=\"de\">Wir verwenden zwei Arten von Cookies: pro Sitzung und dauerhaft. \u2022 \u201eTempor\u00e4re\u201c Cookies erm\u00f6glichen es Websites, Ihre Aktionen w\u00e4hrend einer Browsersitzung auf der Website aufzuzeichnen. Diese sogenannten \u201etempor\u00e4ren\u201c Cookies verschwinden am Ende der Browsersitzung und werden daher nicht f\u00fcr einen l\u00e4ngeren Zeitraum gespeichert. \u2022 Sogenannte \u201epermanente\u201c Cookies werden zwischen Browsersitzungen auf Ihrem Computer gespeichert und helfen dabei, Ihre Pr\u00e4ferenzen oder Aktionen auf einer Website (oder in manchen F\u00e4llen auch auf mehreren Websites) zu verfolgen. Diese \u201epermanenten\u201c Cookies k\u00f6nnen f\u00fcr verschiedene Zwecke verwendet werden, insbesondere um Ihre Pr\u00e4ferenzen und Auswahlm\u00f6glichkeiten beim Besuch einer Website zu bewahren. Au\u00dferdem k\u00f6nnen Cookies in die folgenden Kategorien eingeteilt werden: \u201eInternet-Cookies\u201c \u2013 die von der Website stammen, die Sie besuchen \u2013 und \u201eCookies von Drittanbietern\u201c \u2013 die von einer anderen Website als der von Ihnen besuchten Website stammen.<\/span><\/p>\n<p id=\"tw-target-text\" class=\"tw-data-text tw-text-large tw-ta\" dir=\"ltr\" data-placeholder=\"Traducere\"><span class=\"Y2IQFc\" lang=\"de\">6. Wie werden Cookies von dieser Website verwendet? Beim Besuch dieser Website k\u00f6nnen folgende Cookies platziert werden: \u2022 Website-Performance-Cookies; \u2022 Besucheranalyse-Cookies; \u2022 Cookies f\u00fcr Geotargeting; \u2022 Registrierungscookies; \u2022 Cookies f\u00fcr Werbung; \u2022 Cookies von Werbeanbietern. 7. Enthalten Cookies personenbezogene Daten? Cookies selbst erfordern keine Verwendung personenbezogener Daten und erm\u00f6glichen in den meisten F\u00e4llen keine pers\u00f6nliche Identifizierung von Internetnutzern. Personenbezogene Daten, die durch den Einsatz von Cookies erhoben werden, d\u00fcrfen nur erhoben werden, um dem Nutzer bestimmte Funktionalit\u00e4ten zu erm\u00f6glichen. Diese Daten werden so verschl\u00fcsselt, dass ein Zugriff durch Unbefugte unm\u00f6glich ist.<\/span><\/p>\n<p id=\"tw-target-text\" class=\"tw-data-text tw-text-large tw-ta\" dir=\"ltr\" data-placeholder=\"Traducere\"><span class=\"Y2IQFc\" lang=\"de\">8. Tipps f\u00fcr sicheres und verantwortungsvolles Surfen auf Basis von Cookies. Cookies sind \u00fcberall und k\u00f6nnen nicht vermieden werden, wenn Sie Zugriff auf die besten und gr\u00f6\u00dften Websites im Internet haben \u2013 lokal oder international. Aufgrund ihrer Flexibilit\u00e4t und der Tatsache, dass die meisten der meistbesuchten und gr\u00f6\u00dften Websites Cookies verwenden, sind sie nahezu unvermeidbar. Durch die Deaktivierung von Cookies kann der Benutzer nicht auf die am weitesten verbreiteten Websites zugreifen, darunter YouTube, Gmail, Yahoo und andere. Hier sind einige Tipps, die Ihnen mithilfe von Cookies sorgenfreies Surfen erm\u00f6glichen: Passen Sie die Cookie-Einstellungen Ihres Browsers an, um ein f\u00fcr Sie angenehmes Ma\u00df an Cookie-Sicherheit zu gew\u00e4hrleisten. Wenn Sie den Computerzugriff gemeinsam nutzen, k\u00f6nnen Sie Ihren Browser so einstellen, dass bei jedem Schlie\u00dfen des Browsers einzelne Browserdaten gel\u00f6scht werden. Dies ist eine Option, um auf die Websites zuzugreifen, die Cookies platzieren, und um alle Besuchsinformationen zu l\u00f6schen oder die Browsersitzung zu schlie\u00dfen. Wenn Ihnen Cookies nichts ausmachen und Sie der Einzige sind, der den Computer nutzt, k\u00f6nnen Sie lange Ablauffristen f\u00fcr die Speicherung Ihres Browserverlaufs und aller pers\u00f6nlichen Zugangsdaten festlegen. Installieren und aktualisieren Sie immer Anti-Spyware-Anwendungen. Viele Anwendungen zur Erkennung und Verhinderung von Spyware umfassen die Erkennung von Website-Angriffen. Dadurch wird verhindert, dass der Browser auf Websites zugreift, die m\u00f6glicherweise Browser-Schwachstellen ausnutzen oder gef\u00e4hrliche Software herunterladen. Stellen Sie sicher, dass Ihr Browser immer auf dem neuesten Stand ist. Viele der Cookie-basierten Angriffe werden durchgef\u00fchrt, indem die Schwachstellen alter Browserversionen ausgenutzt werden. Sie k\u00f6nnen den Browser so einstellen, dass diese Cookies nicht mehr akzeptiert werden, oder Sie k\u00f6nnen den Browser so einstellen, dass er Cookies von einer bestimmten Website akzeptiert. Wenn Sie jedoch beispielsweise nicht mit Cookies registriert sind, k\u00f6nnen Sie keine Kommentare hinterlassen.<\/span><\/p>\n<p id=\"tw-target-text\" class=\"tw-data-text tw-text-large tw-ta\" dir=\"ltr\" data-placeholder=\"Traducere\"><span class=\"Y2IQFc\" lang=\"de\">Alle modernen Browser bieten die M\u00f6glichkeit, die Cookie-Einstellungen zu \u00e4ndern. Diese Einstellungen finden Sie normalerweise im Men\u00fc \u201eOptionen\u201c oder \u201eEinstellungen\u201c Ihres Browsers. Sie k\u00f6nnen Cookies \u00fcber die Browsereinstellungen des Ger\u00e4ts steuern, mit dem Sie auf die Website zugreifen. Obwohl die meisten Browser standardm\u00e4\u00dfig so eingestellt sind, dass sie die Installation von Cookies akzeptieren, k\u00f6nnen Sie je nach Herausgeber w\u00e4hlen, ob Sie alle Cookies akzeptieren, sie systematisch ablehnen oder nur diejenigen ausw\u00e4hlen m\u00f6chten, die Sie akzeptieren. Sie k\u00f6nnen Ihren Browser auch so einstellen, dass er Cookies vor der Installation im Einzelfall akzeptiert oder ablehnt. Sie k\u00f6nnen Cookies auch regelm\u00e4\u00dfig \u00fcber Ihren Browser von Ihrem Ger\u00e4t l\u00f6schen. Die Verwendung von Cookies oder \u00e4hnlichen Technologien durch Websites Dritter \u2013 Anbieter von Werbeinhalten \u2013 unterliegt deren eigenen Cookie-Datenschutzrichtlinien. Um Cookies zu verwalten und pers\u00f6nliche Entscheidungen zu treffen, m\u00fcssen Sie wissen, dass die Konfiguration f\u00fcr jeden Browser unterschiedlich ist. Dies wird im Browsermen\u00fc beschrieben, wo Sie erfahren, wie Sie Ihre Cookie-Einstellungen \u00e4ndern k\u00f6nnen. Um diese Einstellungen zu verstehen, k\u00f6nnen die folgenden Links hilfreich sein, ansonsten k\u00f6nnen Sie die \u201eHilfe\u201c-Option Ihres Browsers f\u00fcr weitere Details nutzen: Cookie-Einstellungen in Microsoft Edge Cookie-Einstellungen in Firefox Cookie-Einstellungen in Chrome Cookie-Einstellungen in Safari F\u00fcr die Einstellungen von Cookies, die von Dritten generiert werden, k\u00f6nnen Sie auch die Website konsultieren: www.youronlinechoices.com<\/span><\/p>\n<p id=\"tw-target-text\" class=\"tw-data-text tw-text-large tw-ta\" dir=\"ltr\" data-placeholder=\"Traducere\"><span class=\"Y2IQFc\" lang=\"de\">9. Vertraulichkeit und Vertraulichkeit des Problems Cookie-Urile ist kein Problem. Sie haben keine Zeit, Kabeljau zu kaufen, und k\u00f6nnen nun die automatische Regelung ausf\u00fchren. In diesem Fall k\u00f6nnen Sie jetzt eine Kopie oder eine Kopie anfordern, um die neue Kopie in Ihr neues Konto zu bringen. Stellen Sie sicher, dass Sie diese Funktion nicht erf\u00fcllen k\u00f6nnen, und nehmen Sie keine r\u00fccksichtsvolle Haltung ein. In einem allgemeinen Browser, der die Einstellungen f\u00fcr die vertrauliche Behandlung integriert, werden verschiedene Cookie-Akzeptanzstufen, G\u00fcltigkeitsdauern und automatische Wiederholungen bereitgestellt, mit denen der Benutzer eine aufgerufene Website besucht. Cookie-urile Pot fi totu\u0219i folosite pentru scopuri negative. Suchen Sie nach Informationen, die Sie ben\u00f6tigen, und suchen Sie nach Informationen zum Benutzer, wenn Sie eine bestimmte Website besuchen oder mehrere andere Websites besuchen, oder klicken Sie auf Websites, die Spyware ausspionieren. Viele Anti-Spyware-Produkte sind mit dieser Funktion ausgestattet und werden in einem st\u00e4ndigen Cookie-Urin verwendet, um sie in einem Verfahren zur \u00dcberpr\u00fcfung\/Scanning von Antiviren-\/Anti-Spyware-Programmen durchzuf\u00fchren. Alter Aspekt der Cookie-Sicherheit: Um den Identit\u00e4tsschutz zu gew\u00e4hrleisten und dem Internetnutzer eine sichere Antwort zu geben, wird darauf hingewiesen, dass eventuelle Probleme bei der Erstellung von Cookies auftreten k\u00f6nnen. Wenn Sie zwischendrin eine Mod-Konstante in der N\u00e4he sensorischer Informationen an den Browser und die Website \u00fcbertragen m\u00f6chten, muss ein Angreifer oder eine nicht autorisierte Person in den Sendevorgang eingreifen, um Informationen \u00fcber den Cookie-Pot zum Abfangen zu erhalten. Nachdem Sie es gefunden haben, m\u00fcssen Sie den Browser anschlie\u00dfen, um ihn mit dem Server zu verbinden oder eine verschl\u00fcsselte Verbindung herzustellen (z. B. eine nicht gesicherte WiFi-Verbindung). Die Verwendung von Cookies impliziert die Verwendung von Cookies auf Servern. Wenn Sie auf einer Website nach einer Kanalkopie suchen, kann es passieren, dass Personen durch Zugriff auf einen Browser mit eingeschr\u00e4nkten Informationen \u00fcber einen Zwischenkanal verwundbar werden. Benutzer nutzen die erforderlichen Informationen, um den Zugriff auf eine nicht autorisierte Website zu \u00fcberpr\u00fcfen. Es ist wichtig, dass Sie sich an eine allgemeine Methode halten, die Ihnen den Schutz und die Information Ihrer Person erm\u00f6glicht.<\/span><\/p>\n<p id=\"tw-target-text\" class=\"tw-data-text tw-text-large tw-ta\" dir=\"ltr\" data-placeholder=\"Traducere\"><span class=\"Y2IQFc\" lang=\"de\">10. Linkuri n\u00fctzlich Um mehr Informationen \u00fcber Cookies zu erhalten und diese zu verwenden, empfehlen wir Ihnen folgende Links: Microsoft-Cookie-Leitfaden Alles \u00fcber Cookies Um mehr Details zu vertraulichen Problemen zu erfahren, besuchen Sie bitte: www.dreptonline.ro<\/span><\/p>\n<\/div>\n<\/div><\/div><\/div><\/div><div id=\"pgc-1256-0-2\"  class=\"panel-grid-cell panel-grid-cell-empty\" ><\/div><\/div><\/div><\/div>","protected":false},"excerpt":{"rendered":"<p>Cookie-Richtlinie Obwohl wir alle angemessenen Ma\u00dfnahmen ergreifen, um die Sicherheit Ihrer Daten zu gew\u00e4hrleisten, k\u00f6nnen wir nicht garantieren, dass keine Sicherheitsverletzung vorliegt oder dass kein Eindringen in Sicherheitssysteme m\u00f6glich ist. F\u00fcr den ungl\u00fccklichen und unwahrscheinlichen Fall, dass es zu einem solchen Versto\u00df kommt, werden wir gesetzliche Verfahren befolgen, um die Auswirkungen zu begrenzen und die [&hellip;]<\/p>\n","protected":false},"author":1,"featured_media":0,"parent":0,"menu_order":0,"comment_status":"closed","ping_status":"closed","template":"","meta":{"om_disable_all_campaigns":false,"_monsterinsights_skip_tracking":false,"_monsterinsights_sitenote_active":false,"_monsterinsights_sitenote_note":"","_monsterinsights_sitenote_category":0,"footnotes":""},"class_list":["post-1256","page","type-page","status-publish","hentry","post"],"aioseo_notices":[],"_links":{"self":[{"href":"https:\/\/romcatsibiu.ro\/index.php\/wp-json\/wp\/v2\/pages\/1256","targetHints":{"allow":["GET"]}}],"collection":[{"href":"https:\/\/romcatsibiu.ro\/index.php\/wp-json\/wp\/v2\/pages"}],"about":[{"href":"https:\/\/romcatsibiu.ro\/index.php\/wp-json\/wp\/v2\/types\/page"}],"author":[{"embeddable":true,"href":"https:\/\/romcatsibiu.ro\/index.php\/wp-json\/wp\/v2\/users\/1"}],"replies":[{"embeddable":true,"href":"https:\/\/romcatsibiu.ro\/index.php\/wp-json\/wp\/v2\/comments?post=1256"}],"version-history":[{"count":3,"href":"https:\/\/romcatsibiu.ro\/index.php\/wp-json\/wp\/v2\/pages\/1256\/revisions"}],"predecessor-version":[{"id":1260,"href":"https:\/\/romcatsibiu.ro\/index.php\/wp-json\/wp\/v2\/pages\/1256\/revisions\/1260"}],"wp:attachment":[{"href":"https:\/\/romcatsibiu.ro\/index.php\/wp-json\/wp\/v2\/media?parent=1256"}],"curies":[{"name":"wp","href":"https:\/\/api.w.org\/{rel}","templated":true}]}}